iple of 48?
False
Does 63 divide 4158?
True
Does 23 divide 5083?
True
Is 34 a factor of 7888?
True
Is 7 a factor of 557?
False
Is 30 a factor of 7020?
True
Is 18335 a multiple of 95?
True
Is 41 a factor of 1772?
False
Is 14 a factor of 2719?
False
Does 19 divide 1039?
False
Does 18 divide 7666?
False
Does 4 divide 3216?
True
Does 11 divide 2673?
True
Does 36 divide 9806?
False
Does 5 divide 316?
False
Is 38239 a multiple of 4?
False
Is 1127 a multiple of 49?
True
Does 24 divide 44016?
True
Is 100263 a multiple of 19?
True
Does 6 divide 558?
True
Is 2180 a multiple of 9?
False
Is 996 a multiple of 12?
True
Does 14 divide 402?
False
Does 12 divide 124?
False
Does 9 divide 124?
False
Is 11375 a multiple of 13?
True
Is 19 a factor of 7467?
True
Is 4 a factor of 5083?
False
Is 12667 a multiple of 9?
False
Is 24 a factor of 2880?
True
Is 46 a factor of 5116?
False
Is 78 a factor of 1326?
True
Does 32 divide 15270?
False
Is 25004 a multiple of 47?
True
Is 12 a factor of 430?
False
Is 4913 a multiple of 7?
False
Does 2 divide 1173?
False
Does 2 divide 262?
True
Is 99 a multiple of 11?
True
Is 15 a factor of 1095?
True
Is 12 a factor of 9367?
False
Does 92 divide 3425?
False
Does 13 divide 52?
True
Does 87 divide 6092?
False
Is 9 a multiple of 3?
True
Is 178 a factor of 35631?
False
Is 12 a factor of 413?
False
Does 24 divide 339?
False
Is 5527 a multiple of 15?
False
Is 98 a factor of 21244?
False
Does 2 divide 239?
False
Is 718 a multiple of 67?
False
Is 66 a factor of 525?
False
Is 15 a factor of 1590?
True
Is 6 a factor of 90287?
False
Does 16 divide 704?
True
Is 1236 a multiple of 5?
False
Does 13 divide 2262?
True
Is 893 a multiple of 89?
False
Is 5310 a multiple of 45?
True
Is 567 a multiple of 21?
True
Is 1506 a multiple of 80?
False
Is 21176 a multiple of 18?
False
Is 21 a factor of 58464?
True
Is 16 a factor of 880?
True
Is 34 a factor of 170?
True
Is 2 a factor of 3369?
False
Is 10 a factor of 690?
True
Is 43 a factor of 55737?
False
Does 38 divide 2853?
False
Is 358 a multiple of 19?
False
Is 9328 a multiple of 88?
True
Does 5 divide 370?
True
Is 477 a multiple of 50?
False
Is 49 a factor of 588?
True
Is 35 a factor of 3745?
True
Is 936 a multiple of 26?
True
Is 12 a factor of 135420?
True
Does 13 divide 17166?
False
Is 20 a factor of 10500?
True
Does 13 divide 1053?
True
Is 35 a factor of 10640?
True
Does 3 divide 2387?
False
Is 9 a factor of 1519?
False
Is 1892 a multiple of 44?
True
Does 6 divide 129?
False
Is 190 a factor of 4325?
False
Is 1285 a multiple of 28?
False
Is 132 a multiple of 4?
True
Does 12 divide 25884?
True
Is 7 a factor of 5730?
False
Is 34 a factor of 1141?
False
Does 20 divide 125950?
False
Is 1620 a multiple of 10?
True
Is 43 a factor of 49527?
False
Is 5 a factor of 305?
True
Does 11 divide 8514?
True
Does 13 divide 4232?
False
Is 5879 a multiple of 8?
False
Does 31 divide 23046?
False
Is 13 a factor of 339?
False
Does 48 divide 33792?
True
Does 20 divide 24360?
True
Does 366 divide 102846?
True
Is 53 a factor of 1219?
True
Is 10782 a multiple of 50?
False
Is 75 a factor of 3559?
False
Is 97846 a multiple of 15?
False
Is 1092 a multiple of 42?
True
Is 25991 a multiple of 47?
True
Is 11538 a multiple of 8?
False
Is 1053 a multiple of 60?
False
Does 104 divide 44928?
True
Does 36 divide 974?
False
Does 3 divide 1127?
False
Is 66 a factor of 111144?
True
Is 3825 a multiple of 6?
False
Is 2777 a multiple of 2?
False
Does 5 divide 378?
False
Is 47 a factor of 2943?
False
Is 7 a factor of 672?
True
Is 89272 a multiple of 31?
False
Is 59029 a multiple of 130?
False
Is 41 a multiple of 2?
False
Is 88184 a multiple of 241?
False
Is 3220 a multiple of 10?
True
Is 5749 a multiple of 4?
False
Is 9025 a multiple of 5?
True
Does 19 divide 7592?
False
Is 3636 a multiple of 12?
True
Does 94 divide 23054?
False
Does 52 divide 13884?
True
Does 75 divide 600?
True
Is 452 a multiple of 44?
False
Does 36 divide 593?
False
Does 47 divide 1347?
False
Is 90 a multiple of 6?
True
Does 9 divide 3474?
True
Is 25 a factor of 2725?
True
Is 120 a multiple of 3?
True
Does 5 divide 2580?
True
Is 5 a factor of 2030?
True
Does 2 divide 816?
True
Is 53 a factor of 731?
False
Does 243 divide 30618?
True
Is 56 a factor of 1064?
True
Does 30 divide 6478?
False
Is 2912 a multiple of 364?
True
Is 17 a factor of 2391?
False
Is 40120 a multiple of 34?
True
Is 616 a multiple of 22?
True
Is 1260 a multiple of 35?
True
Does 17 divide 1785?
True
Does 92 divide 16468?
True
Is 10 a factor of 3237?
False
Does 14 divide 1548?
False
Is 30 a factor of 40256?
False
Does 23 divide 3013?
True
Is 46530 a multiple of 282?
True
Is 35 a factor of 592?
False
Does 13 divide 7646?
False
Is 81385 a multiple of 272?
False
Is 14 a factor of 700?
True
Is 31153 a multiple of 234?
False
Does 11 divide 968?
True
Is 3 a factor of 9?
True
Is 36 a factor of 2376?
True
Is 6 a factor of 214?
False
Is 41 a factor of 3116?
True
Is 26328 a multiple of 111?
False
Does 14 divide 624?
False
Is 28 a factor of 878?
False
Is 2384 a multiple of 63?
False
Is 50 a factor of 40800?
True
Is 66 a multiple of 33?
True
Is 4605 a multiple of 5?
True
Does 20 divide 3880?
True
Is 42 a factor of 7013?
False
Does 46 divide 644?
True
Does 165 divide 15233?
False
Is 47 a factor of 692?
False
Does 19 divide 1134?
False
Is 105215 a multiple of 214?
False
Is 60 a factor of 240?
True
Is 24742 a multiple of 37?
False
Does 16 divide 51943?
False
Does 185 divide 6845?
True
Does 22 divide 85901?
False
Does 27 divide 16956?
True
Does 87 divide 1392?
True
Is 1008 a multiple of 13?
False
Is 38 a factor of 1087?
False
Does 25 divide 10639?
False
Is 127 a factor of 16960?
False
Does 30 divide 18150?
True
Does 7 divide 4031?
False
Does 26 divide 65624?
True
Does 12 divide 13224?
True
Is 58 a factor of 2437?
False
Is 2 a factor of 424?
True
Does 56 divide 168?
True
Does 17 divide 2578?
False
Does 8 divide 200?
True
Does 11 divide 7830?
False
Is 2599 a multiple of 113?
True
Does 3 divide 9?
True
Is 3 a factor of 1206?
True
Is 81 a factor of 448?
False
Is 3404 a multiple of 148?
True
Is 413 a multiple of 19?
False
Is 11 a factor of 891?
True
Is 646 a multiple of 28?
False
Is 2730 a multiple of 39?
True
Does 62 divide 2666?
True
Is 5 a factor of 615?
True
Is 469 a multiple of 6?
False
Is 25875 a multiple of 15?
True
Is 32 a factor of 166?
False
Is 4378 a multiple of 22?
True
Is 715 a multiple of 13?
True
Is 2184 a multiple of 91?
True
Does 8 divide 406?
False
Is 647 a multiple of 24?
False
Does 109 divide 8042?
False
Is 67 a factor of 8710?
True
Is 80 a factor of 27094?
False
Is 4224 a multiple of 33?
True
Is 460 a multiple of 20?
True
Is 43 a factor of 553?
False
Is 25 a factor of 1850?
True
Is 57 a factor of 2679?
True
Does 4 divide 18592?
True
Is 60 a factor of 120?
True
Is 4163 a multiple of 23?
True
Does 44 divide 26686?
False
Is 7812 a multiple of 93?
True
Is 14 a factor of 3625?
False
Is 271 a multiple of 7?
False
Does 57 divide 1539?
True
Is 906 a multiple of 10?
False
Is 2 a factor of 1103?
False
Is 1044 a multiple of 29?
True
Is 48438 a multiple of 81?
True
Does 217 divide 137779?
False
Does 21 divide 27213?
False
Is 3375 a multiple of 25?
True
Does 41 divide 369?
True
Is 14131 a multiple of 70?
False
Does 115 divide 14950?
True
Does 60 divide 11523?
False
Is 14347 a multiple of 2?
False
Is 1900 a multiple of 50?
True
Is 116 a factor of 25984?
True
Does 57 divide 513?
True
Is 55 a factor of 9422?
False
Is 5861 a multiple of 39?
False
Is 1606 a multiple of 54?
False
Is 18 a factor of 3401?
False
Is 6270 a multiple of 95?
True
Is 8 a factor of 80909?
False
Is 359 a multiple of 2?
False
Is 238 a multiple of 34?
True
Does 14 divide 10458?
True
Does 23 divide 3408?
False
Is 111 a factor of 777?
True
Does 44 divide 3798?
False
Is 67425 a multiple of 93?
True
Is 36 a factor of 8250?
False
Does 79 divide 15367?
False
Is 5379 a multiple of 33?
True
Is 8 a factor of 417?
False
Does 73 divide 2044?
True
Does 92 divide 8096?
True
Does 41 divide 167?
False
Is 37 a factor of 3341?
False
Is 5 a factor of 60?
True
Is 6026 a multiple of 131?
True
Does 56 divide 25689?
False
Is 55 a factor of 59620?
True
Does 20 divide 9160?
True
Is 24 a factor of 95?
False
Is 714 a multiple of 42?
True
Is 18249 a multiple of 32?
False
Does 12 divid